)/(-2). Suppose 80 = -57*w + 62*w. Calculate the remainder when (255/(-6) - m)*-2 is divided by w.
15
Calculate the remainder when 363 is divided by 5871/266 - (0 - 2)/(-28).
11
Let p(c) be the third derivative of c**6/120 + 13*c**5/30 + c**4/8 + 49*c**3/3 - 595*c**2. Let a = -3 - -19. What is the remainder when p(-26) is divided by a?
4
Let s = 891 + -603. Let q be ((-1)/2)/((-3)/s*4). Suppose -1 - q = -k. Calculate the remainder when k is divided by 8.
5
Suppose -5*x + 4*m + 16 = 0, m = -3*x + 2*m + 4. Suppose x = 5*n - 4*v - 105, 4*v - 2*v = 4*n - 78. What is the remainder when 28 is divided by n?
11
Let r be (27/((-351)/26))/((-2)/(-6)). Calculate the remainder when (r - -5 - 62)*(-4)/14 is divided by 2.
0
Let w be 18/(-45) + 24/10. Suppose -d = -w*m + 395, 6 = -3*d + 15. Suppose -6*a + m - 1 = 0. What is the remainder when 62 is divided by a?
29
Let c = 38 - 4. Let q(z) = 2*z**2 + 18*z + 14. Let k be q(-9). Let u(o) = o**2 - 9*o - 3. What is the remainder when u(k) is divided by c?
33
Suppose 20 + 25 = 5*a + 2*q, 4*a = -5*q + 36. Calculate the remainder when 34 is divided by 156/a - (-55)/33.
15
Suppose -3*n + 401 = 4*z, -256 = 5*n + 5*z - 931. Suppose 0 = -95*y + 104*y - 369. Suppose n = 5*a - y. What is the remainder when 105 is divided by a?
33
Calculate the remainder when 498 is divided by 0 - (-249 + (69/(-69))/(2/(-14))).
14
Let s = -25270 - -27123. Calculate the remainder when s is divided by 116.
113
Suppose 2*l = -5*d + 2 + 10, 4*l + 3*d = 52. Calculate the remainder when 58 is divided by l.
10
Let n(u) = 5*u - 4. Let o be (-1)/((-3)/(-24)*-2). Suppose 0 = 4*d + 3*q - 16, o*q + 3 = 4*d - 13. Calculate the remainder when 45 is divided by n(d).
13
Suppose 0 = 2*w - 0*h + h - 78, 5*w - 221 = 4*h. Let q = w - 0. Suppose 57 = k - 2*t, -4*t - q = 3*k - 192. Calculate the remainder when 209 is divided by k.
50
Let k be (32/(-6))/(14/(-147)). Suppose 33 = 7*p - 2*p + 3*c, 4*p - 5*c = k. Suppose p = -7*h + 37. Calculate the remainder when 5 is divided by h.
1
Suppose 3*c + 2*s - 274 = 0, -c - 31 = -5*s - 128. Calculate the remainder when c is divided by 17.
7
Suppose -1216*s + 5022 = -1186*s - 12468. Calculate the remainder when s is divided by 191.
10
Let c be (-5)/(60/4)*6. Let q(x) = -3*x - 13. Let v be q(c). What is the remainder when (v - -96)*(-2)/4*-2 is divided by 23?
20
Calculate the remainder when 1399 is divided by 3162/31 + 0 + (-4)/2.
99
Let l(a) = -a**3 + 10*a**2 + 10*a - 25. What is the remainder when l(-7) is divided by 106?
102
Suppose -6*x + 275 - 215 = 0. Suppose u - 34 = -5*k, 4*u - x*k - 79 = -11*k. Calculate the remainder when 164 is divided by u.
12
Let n = 3238 + -3169. Calculate the remainder when n is divided by 4.
1
Let c(w) = 13*w**2 - 12*w + 9. What is the remainder when c(9) is divided by 24?
18
Suppose -95 = -2*y - 6796*l + 6791*l, -45 = -5*l. Calculate the remainder when y is divided by 1 + 0 + 22/2.
1
Let u be (-3 - (14/(-6) - 1))*-309. Let d = -56 - u. What is the remainder when d is divided by 10/2 - ((-72)/(-9))/(-1)?
8
Suppose -23*p + 168 = -15*p. Suppose 19*d - p*d = -222. Calculate the remainder when d is divided by 5.
1
Let s be 92/253*2/((-12)/(-33)). Suppose -3*p + 88 = s*n, 44 = 2*n - n + p. What is the remainder when 102 is divided by n?
14
Let p(i) = 20*i**2 - 16*i + 13. Calculate the remainder when p(-5) is divided by 186.
35
Suppose o = -2*z + 465, 2*o - 189*z - 930 = -186*z. What is the remainder when o is divided by 400?
65
Let c = -196 - -170. Calculate the remainder when 13 is divided by (-290)/c - 2 - 14/91.
4
Let f(z) = -z**2 - 10*z - 3. Let l be f(-9). Let j = l - -15. Let r = 149 - 88. What is the remainder when r is divided by j?
19
Let a = 185 - 182. Suppose 0 = -a*c - 2*f + 399, -25*c - 253 = -27*c + 3*f. Let t = -31 - -64. Calculate the remainder when c is divided by t.
32
Let v be -3*(-4 + (-14)/(-3)). Let q be v/((-2)/(-4)*32/(-24)). What is the remainder when -4 + (30 - 1 - q) is divided by 8?
6
Let i(a) = -2*a**3 - 16*a**2 - 15*a - 281. What is the remainder when 1533 is divided by i(-9)?
13
Suppose 3*f + 6 = 6*f - s, -2*s - 9 = -5*f. What is the remainder when 19 is divided by 18/27 - (20/12 - f)?
1
Let i = 105 + -102. Suppose -180 + 45 = -i*h. Calculate the remainder when h is divided by 10.
5
Let y(k) = k**2 - 17*k - 1420. What is the remainder when y(51) is divided by 33?
17
Let h(u) = 1218*u**2 + 274*u - 541. Calculate the remainder when h(2) is divided by 132.
127
Let x(m) = m**2 - 8*m - 18. Let s be x(11). Suppose s*z + 400 = 55*z. Calculate the remainder when 159 is divided by z.
9
Let k = -515 + 550. What is the remainder when 4163 is divided by k?
33
Suppose 0 = 4*s + 5*l - 4*l + 2, 3*l + 6 = -2*s. Let t be (4 - 6/4) + 1/(-2). Suppose s = p - t*p + 45. What is the remainder when p is divided by 24?
21
Let s(q) = -q + 2. Let x be s(2). Suppose c + 8 - 12 = x. What is the remainder when 22 is divided by c?
2
Let g(f) = 35*f**2 + f - 2. Let s be g(2). Let j = s - 117. What is the remainder when 40/15*(-33)/(-2) is divided by j?
21
Calculate the remainder when 1578 + -15 - (2/1)/(-4 - -6) is divided by 18.
14
Let s = -3286 - -3328. What is the remainder when 3779 is divided by s?
41
Let f(c) = -34*c**3 - 3*c**2 + 4*c + 6. Let s be f(-1). Suppose 0 = 42*n - s*n - 108. Calculate the remainder when 24 is divided by n.
0
Let j = -8680 + 8759. Calculate the remainder when 275 is divided by j.
38
Suppose q + 21*j = 24*j + 233, 0 = -q + j + 227. What is the remainder when 821 is divided by q?
149
Suppose 17*h - 1232 = -7*h + 3184. What is the remainder when 313 is divided by h?
129
Let b(u) = u**3 + u**2 + 4*u + 1. Let o be b(-3). Let p = o + 26. Calculate the remainder when 21 is divided by 33/(-22)*22/p.
10
Let r(d) = -d**2 + 14*d - 23. What is the remainder when 138 is divided by r(7)?
8
Let q(i) = -i**2 + 15*i - 12. Let p be q(14). Let o(c) = -3*c - 170 + 162 + 2*c - p*c. Calculate the remainder when 118 is divided by o(-11).
18
Suppose -5*o - 3*r = -4*o - 18, 5 = 5*o - 2*r. Suppose o*x - 24*x = -1050. Let a(t) = 248*t**2. Calculate the remainder when a(1) is divided by x.
48
Let r(d) = 2*d**2 + 8*d - 13. Suppose 5*u + i + 45 = 4*i, 3*u = i - 27. Let y be r(u). Suppose 0 = 6*n + n - y. What is the remainder when 42 is divided by n?
9
Suppose -5*l + n = -33, -2*l + 3*n = 5*n - 6. Calculate the remainder when -1*49/(4/(-4)) is divided by l.
1
Suppose -2 = 3*k - 68. Suppose 136 - 409 = -21*r. What is the remainder when k is divided by r?
9
Suppose -2*h = h + 81. Let z = -139 + 181. Let c = h + z. Calculate the remainder when 44 is divided by c.
14
Let i(b) = b**2 + 9*b + 1. Calculate the remainder when 281 + -28*11/(-22) is divided by i(-10).
9
Let x = -2838 - -2851. Let r = 112 - 50. Calculate the remainder when r is divided by x.
10
Suppose 2*l - 137 = -7. Suppose 3*d - 120 = 5*a, -23 - 34 = -d - 4*a. Let c = l - d. What is the remainder when 49 is divided by c?
9
Let b = 69 + -67. Let l(k) = 2*k + 20 + 0*k**b - k**2 + 14*k + 23. Calculate the remainder when l(15) is divided by 15.
13
Let k = 1117 - 583. Suppose -4*q - k + 574 = 0. Calculate the remainder when 12 is divided by q.
2
Suppose -5*o - 4*d - 553 = 0, 5*d + 0*d = -o - 119. Let x = -160 - o. Let m = x - -112. Calculate the remainder when m is divided by 9.
7
Suppose -79*v + c = -83*v + 858, -21*v - 4*c = -4512. What is the remainder when 727 is divided by v?
79
Suppose 946 - 3102 = -22*m. Let c = 118 - m. Calculate the remainder when 93 is divided by c.
13
Let g(u) = -12*u + 1. Let j = -9 + 25. Suppose v - 6 - j = -5*z, 0 = 4*v + 5*z - 13. What is the remainder when g(v) is divided by 10?
7
Let g(v) = -14*v - 152. Let z(j) = 2*j - 32. What is the remainder when z(24) is divided by g(-11)?
0
Let s(a) = 4*a + 42. Let u be 665/209 + (-4)/22. Suppose -5*k = -p + 14 - 2, -3*k = u*p + 36. What is the remainder when 28 is divided by s(p)?
8
Let n be (1 + -7)/((-2)/2). Let j = n + 21. Calculate the remainder when 158 is divided by j.
23
Calculate the remainder when 629 is divided by (-36)/((-2)/(-4)*-4).
17
Suppose 4415*u - 667539 = 4364*u. What is the remainder when u is divided by 10?
9
Suppose z + 80 - 107 = 0. Suppose -27*a + 1128 = 48. Calculate the remainder when a is divided by z.
13
Suppose 3*z - 3*m = 3, -3*m 